{"id":98,"date":"2017-03-14T22:45:26","date_gmt":"2017-03-14T22:45:26","guid":{"rendered":"http:\/\/www.kmtk.si\/?page_id=98"},"modified":"2017-07-03T13:28:17","modified_gmt":"2017-07-03T13:28:17","slug":"modelarstvo-za-zacetnike","status":"publish","type":"page","link":"http:\/\/www.kmtk.si\/index.php\/krozki\/modelarstvo-za-zacetnike\/","title":{"rendered":"Modelarstvo za za\u010detnike"},"content":{"rendered":"<p>Kdaj za\u010deti?<\/p>\n<p>Vsak otrok je unikaten! Najpomembneje je, da si otrok \u017eeli ustvarjati, nekaj izdelati in da njegova koncentracija traja 90 minut (lahko z odmorom).<\/p>\n<p style=\"text-align: center;\"><a href=\"http:\/\/www.kmtk.si\/wp-content\/uploads\/2017\/06\/IMG_1988.jpg\"><img loading=\"lazy\" decoding=\"async\" class=\"alignnone wp-image-232 size-medium\" src=\"http:\/\/www.kmtk.si\/wp-content\/uploads\/2017\/06\/IMG_1988-300x200.jpg\" alt=\"\" width=\"300\" height=\"200\" \/><\/a><\/p>\n<p>Za najmlaj\u0161e otroke (6,7 let) predlagamo za\u010detne vaje \u017eaganja\u00a0z lo\u010dnato \u017eago. Ob tem spoznajo delovno okolje in nove prijatelje. Izdelkov iz papirja ne izdelujemo.<\/p>\n<p style=\"text-align: center;\"><a href=\"http:\/\/www.kmtk.si\/wp-content\/uploads\/2017\/06\/Orodje-e1498656693504.jpg\"><img loading=\"lazy\" decoding=\"async\" class=\"alignnone size-medium wp-image-430\" src=\"http:\/\/www.kmtk.si\/wp-content\/uploads\/2017\/06\/Orodje-300x200.jpg\" alt=\"\" width=\"300\" height=\"200\" \/><\/a><\/p>\n<p style=\"text-align: center;\"><a href=\"http:\/\/www.kmtk.si\/wp-content\/uploads\/2017\/06\/Zaganje_Formule-e1498145450956.jpg\"><img loading=\"lazy\" decoding=\"async\" class=\"alignnone size-medium wp-image-385\" src=\"http:\/\/www.kmtk.si\/wp-content\/uploads\/2017\/06\/Zaganje_Formule-300x200.jpg\" alt=\"\" width=\"300\" height=\"200\" \/><\/a><\/p>\n<p style=\"text-align: center;\"><a href=\"http:\/\/www.kmtk.si\/wp-content\/uploads\/2017\/06\/Zaganje_figuric_za_sah.jpg\"><img loading=\"lazy\" decoding=\"async\" class=\"alignnone size-medium wp-image-440\" src=\"http:\/\/www.kmtk.si\/wp-content\/uploads\/2017\/06\/Zaganje_figuric_za_sah-300x200.jpg\" alt=\"\" width=\"300\" height=\"200\" \/><\/a><\/p>\n<p style=\"text-align: center;\"><a href=\"http:\/\/www.kmtk.si\/wp-content\/uploads\/2017\/06\/Vid.jpg\"><img loading=\"lazy\" decoding=\"async\" class=\"alignnone size-medium wp-image-437\" src=\"http:\/\/www.kmtk.si\/wp-content\/uploads\/2017\/06\/Vid-300x225.jpg\" alt=\"\" width=\"300\" height=\"225\" srcset=\"http:\/\/www.kmtk.si\/wp-content\/uploads\/2017\/06\/Vid-300x225.jpg 300w, http:\/\/www.kmtk.si\/wp-content\/uploads\/2017\/06\/Vid.jpg 640w\" sizes=\"(max-width: 300px) 100vw, 300px\" \/><\/a><\/p>\n<p>Ve\u010dina izdelkov za za\u010detnike je sestavljenih iz iz\u017eaganih delov mehke topolove vezane plo\u0161\u010de. Sledi bru\u0161enje, sestavjanje, lepljenje in barvanje. V \u0161olskem letu se izdela ve\u010d preprostih modelov in uporabnih izdelkov.<\/p>\n<p style=\"text-align: center;\"><a href=\"http:\/\/www.kmtk.si\/wp-content\/uploads\/2017\/06\/Barvanje_Modela_Jadrnice-e1498145349931.jpg\"><img loading=\"lazy\" decoding=\"async\" class=\"alignnone wp-image-384 size-medium\" src=\"http:\/\/www.kmtk.si\/wp-content\/uploads\/2017\/06\/Barvanje_Modela_Jadrnice-300x200.jpg\" alt=\"\" width=\"300\" height=\"200\" \/><\/a><\/p>\n<p style=\"text-align: center;\"><a href=\"http:\/\/www.kmtk.si\/wp-content\/uploads\/2017\/06\/IMG_1995.jpg\"><img loading=\"lazy\" decoding=\"async\" class=\"alignnone wp-image-236 size-medium\" src=\"http:\/\/www.kmtk.si\/wp-content\/uploads\/2017\/06\/IMG_1995-300x200.jpg\" alt=\"\" width=\"300\" height=\"200\" \/><\/a><\/p>\n<p style=\"text-align: center;\"><a href=\"http:\/\/www.kmtk.si\/wp-content\/uploads\/2017\/03\/IMG_2312.jpg\"><img loading=\"lazy\" decoding=\"async\" class=\"alignnone size-medium wp-image-104\" src=\"http:\/\/www.kmtk.si\/wp-content\/uploads\/2017\/03\/IMG_2312-300x225.jpg\" alt=\"\" width=\"300\" height=\"225\" srcset=\"http:\/\/www.kmtk.si\/wp-content\/uploads\/2017\/03\/IMG_2312-300x225.jpg 300w, http:\/\/www.kmtk.si\/wp-content\/uploads\/2017\/03\/IMG_2312-768x576.jpg 768w, http:\/\/www.kmtk.si\/wp-content\/uploads\/2017\/03\/IMG_2312.jpg 800w\" sizes=\"(max-width: 300px) 100vw, 300px\" \/><\/a><\/p>\n<p style=\"text-align: center;\"><a href=\"http:\/\/www.kmtk.si\/wp-content\/uploads\/2017\/03\/IMG_1999.jpg\"><img loading=\"lazy\" decoding=\"async\" class=\"alignnone size-medium wp-image-103\" src=\"http:\/\/www.kmtk.si\/wp-content\/uploads\/2017\/03\/IMG_1999-300x225.jpg\" alt=\"\" width=\"300\" height=\"225\" srcset=\"http:\/\/www.kmtk.si\/wp-content\/uploads\/2017\/03\/IMG_1999-300x225.jpg 300w, http:\/\/www.kmtk.si\/wp-content\/uploads\/2017\/03\/IMG_1999.jpg 600w\" sizes=\"(max-width: 300px) 100vw, 300px\" \/><\/a><\/p>\n<p>Otroci lahko izdelajo tudi izdelek po lastni zamisli. Presene\u010deni smo nad tem, da otroci ne znajo narisati vzporednice brez geo trikotnika. Nekaj \u010dasa namenimo uporabi ravnil, trikotnikov, krivuljnikov pri risanju pravokotnikov, vzporednic, lokov in krogov, tudi brez \u0161estila.<\/p>\n<p style=\"text-align: center;\"><a href=\"http:\/\/www.kmtk.si\/wp-content\/uploads\/2017\/06\/KOncan_Bager-e1498656849837.jpg\"><img loading=\"lazy\" decoding=\"async\" class=\"alignnone size-medium wp-image-423\" src=\"http:\/\/www.kmtk.si\/wp-content\/uploads\/2017\/06\/KOncan_Bager-200x300.jpg\" alt=\"\" width=\"200\" height=\"300\" \/><\/a><\/p>\n<p style=\"text-align: center;\"><a href=\"http:\/\/www.kmtk.si\/wp-content\/uploads\/2017\/03\/IMG_1545.jpg\"><img loading=\"lazy\" decoding=\"async\" class=\"alignnone size-medium wp-image-99\" src=\"http:\/\/www.kmtk.si\/wp-content\/uploads\/2017\/03\/IMG_1545-300x225.jpg\" alt=\"\" width=\"300\" height=\"225\" srcset=\"http:\/\/www.kmtk.si\/wp-content\/uploads\/2017\/03\/IMG_1545-300x225.jpg 300w, http:\/\/www.kmtk.si\/wp-content\/uploads\/2017\/03\/IMG_1545-768x576.jpg 768w, http:\/\/www.kmtk.si\/wp-content\/uploads\/2017\/03\/IMG_1545.jpg 800w\" sizes=\"(max-width: 300px) 100vw, 300px\" \/><\/a><\/p>\n","protected":false},"excerpt":{"rendered":"<p>Kdaj za\u010deti? Vsak otrok je unikaten! Najpomembneje je, da si otrok \u017eeli ustvarjati, nekaj izdelati in da njegova koncentracija traja 90 minut (lahko z odmorom). Za najmlaj\u0161e otroke (6,7 let) predlagamo za\u010detne vaje \u017eaganja\u00a0z lo\u010dnato \u017eago. Ob tem spoznajo delovno okolje in nove prijatelje. Izdelkov iz papirja ne izdelujemo. Ve\u010dina izdelkov za za\u010detnike je sestavljenih &hellip; <\/p>\n<p class=\"link-more\"><a href=\"http:\/\/www.kmtk.si\/index.php\/krozki\/modelarstvo-za-zacetnike\/\" class=\"more-link\">Preberi ve\u010d<span class=\"screen-reader-text\"> &#8220;Modelarstvo za za\u010detnike&#8221;<\/span><\/a><\/p>\n","protected":false},"author":1,"featured_media":0,"parent":145,"menu_order":0,"comment_status":"closed","ping_status":"closed","template":"","meta":{"footnotes":""},"_links":{"self":[{"href":"http:\/\/www.kmtk.si\/index.php\/wp-json\/wp\/v2\/pages\/98"}],"collection":[{"href":"http:\/\/www.kmtk.si\/index.php\/wp-json\/wp\/v2\/pages"}],"about":[{"href":"http:\/\/www.kmtk.si\/index.php\/wp-json\/wp\/v2\/types\/page"}],"author":[{"embeddable":true,"href":"http:\/\/www.kmtk.si\/index.php\/wp-json\/wp\/v2\/users\/1"}],"replies":[{"embeddable":true,"href":"http:\/\/www.kmtk.si\/index.php\/wp-json\/wp\/v2\/comments?post=98"}],"version-history":[{"count":20,"href":"http:\/\/www.kmtk.si\/index.php\/wp-json\/wp\/v2\/pages\/98\/revisions"}],"predecessor-version":[{"id":481,"href":"http:\/\/www.kmtk.si\/index.php\/wp-json\/wp\/v2\/pages\/98\/revisions\/481"}],"up":[{"embeddable":true,"href":"http:\/\/www.kmtk.si\/index.php\/wp-json\/wp\/v2\/pages\/145"}],"wp:attachment":[{"href":"http:\/\/www.kmtk.si\/index.php\/wp-json\/wp\/v2\/media?parent=98"}],"curies":[{"name":"wp","href":"https:\/\/api.w.org\/{rel}","templated":true}]}}