{"id":145,"date":"2017-03-15T00:10:38","date_gmt":"2017-03-15T00:10:38","guid":{"rendered":"http:\/\/www.kmtk.si\/?page_id=145"},"modified":"2017-06-12T13:22:14","modified_gmt":"2017-06-12T13:22:14","slug":"krozki","status":"publish","type":"page","link":"http:\/\/www.kmtk.si\/index.php\/krozki\/","title":{"rendered":"Kro\u017eki"},"content":{"rendered":"<div class=\"col-md-8\">\n<p>Prosto\u010dasnim dejavnostim se lahko pridru\u017ei\u0161 tudi med letom.<\/p>\n<div style=\"width: 100%; display: table;\">\n<div style=\"display: table-row;\">\n<div style=\"width: 50%; display: table-cell;\">\n<ul>\n<ul>\n<li><strong><a href=\"http:\/\/www.kmtk.si\/index.php\/modelarstvo-za-zacetnike\/\">Modelarstvo &#8211; za\u010detniki<\/a><br \/>\n<\/strong><\/li>\n<li><a href=\"http:\/\/www.kmtk.si\/index.php\/staticni-modeli-in-makete\/\"><strong>Stati\u010dni modeli in makete<\/strong><\/a><\/li>\n<li><a href=\"http:\/\/www.kmtk.si\/index.php\/fotografija\/\"><strong>Fotografija<\/strong><\/a><\/li>\n<li><strong><a href=\"http:\/\/www.kmtk.si\/index.php\/elektronika\/\">Elektronika<\/a><\/strong><\/li>\n<li><a href=\"http:\/\/www.kmtk.si\/index.php\/uporabni-izdelki-in-okraski\/\"><strong>Uporabni izdelki in okraski<\/strong><\/a><\/li>\n<\/ul>\n<\/ul>\n<p><!--\n \t\n\n<li><a href=\"http:\/\/www.kmtk.si\/index.php\/robotika\/\"><strong>Robotika<\/strong><\/a><\/li>\n\n\n--><\/p>\n<\/div>\n<div style=\"display: table-cell;\">\n<ul>\n<li><a href=\"http:\/\/www.kmtk.si\/index.php\/jadrnice\/\"><strong>Jadrnice<\/strong><\/a><strong><br \/>\n<\/strong><\/li>\n<li><a href=\"http:\/\/www.kmtk.si\/index.php\/colni\/\"><strong>\u010colni<\/strong><\/a> (radijsko vodeni)<\/li>\n<li><a href=\"http:\/\/www.kmtk.si\/index.php\/letala\/\"><strong>Letala<\/strong><\/a> (elektro pogon)<strong><br \/>\n<\/strong><\/li>\n<li><a href=\"http:\/\/www.kmtk.si\/index.php\/radijsko-vodenje-modelov\/\"><strong>Radijsko vodenje<\/strong><\/a> modelov<\/li>\n<\/ul>\n<\/div>\n<\/div>\n<\/div>\n<p>Kro\u017eki potekajo <strong>od 14. do 20. ure<\/strong>.<br \/>\nZa vpis nas obi\u0161\u010di ali pokli\u010di na 041-673-721.<br \/>\nNahajamo se v <a href=\"https:\/\/www.google.si\/maps\/place\/Mladinska+ulica+6,+6000+Koper+-+Capodistria\/@45.5488201,13.7264848,17z\/data=%213m1%214b1%214m5%213m4%211s0x477b6895bd852fbb:0x97980113de854bdd%218m2%213d45.5488164%214d13.7286788\">Mladinski ulici 6 v Kopru<\/a>.<\/p>\n<p><img loading=\"lazy\" decoding=\"async\" class=\"alignnone size-medium wp-image-44\" src=\"http:\/\/www.kmtk.si\/wp-content\/uploads\/2017\/03\/map-768x694-1-300x271.png\" alt=\"\" width=\"300\" height=\"271\" srcset=\"http:\/\/www.kmtk.si\/wp-content\/uploads\/2017\/03\/map-768x694-1-300x271.png 300w, http:\/\/www.kmtk.si\/wp-content\/uploads\/2017\/03\/map-768x694-1.png 768w\" sizes=\"(max-width: 300px) 100vw, 300px\" \/><\/p>\n<\/div>\n","protected":false},"excerpt":{"rendered":"<p>Prosto\u010dasnim dejavnostim se lahko pridru\u017ei\u0161 tudi med letom. Modelarstvo &#8211; za\u010detniki Stati\u010dni modeli in makete Fotografija Elektronika Uporabni izdelki in okraski Jadrnice \u010colni (radijsko vodeni) Letala (elektro pogon) Radijsko vodenje modelov Kro\u017eki potekajo od 14. do 20. ure. Za vpis nas obi\u0161\u010di ali pokli\u010di na 041-673-721. Nahajamo se v Mladinski ulici 6 v Kopru.<\/p>\n","protected":false},"author":1,"featured_media":0,"parent":0,"menu_order":0,"comment_status":"closed","ping_status":"closed","template":"","meta":{"footnotes":""},"_links":{"self":[{"href":"http:\/\/www.kmtk.si\/index.php\/wp-json\/wp\/v2\/pages\/145"}],"collection":[{"href":"http:\/\/www.kmtk.si\/index.php\/wp-json\/wp\/v2\/pages"}],"about":[{"href":"http:\/\/www.kmtk.si\/index.php\/wp-json\/wp\/v2\/types\/page"}],"author":[{"embeddable":true,"href":"http:\/\/www.kmtk.si\/index.php\/wp-json\/wp\/v2\/users\/1"}],"replies":[{"embeddable":true,"href":"http:\/\/www.kmtk.si\/index.php\/wp-json\/wp\/v2\/comments?post=145"}],"version-history":[{"count":5,"href":"http:\/\/www.kmtk.si\/index.php\/wp-json\/wp\/v2\/pages\/145\/revisions"}],"predecessor-version":[{"id":189,"href":"http:\/\/www.kmtk.si\/index.php\/wp-json\/wp\/v2\/pages\/145\/revisions\/189"}],"wp:attachment":[{"href":"http:\/\/www.kmtk.si\/index.php\/wp-json\/wp\/v2\/media?parent=145"}],"curies":[{"name":"wp","href":"https:\/\/api.w.org\/{rel}","templated":true}]}}